ase 6, what is -235040415 - -5?
-235040410
In base 5, what is 40000022 + 4122?
40004144
In base 5, what is 0 - 43214022400?
-43214022400
In base 16, what is -2 - 384c5c?
-384c5e
In base 5, what is -2 + 221403323?
221403321
In base 14, what is 1ddac5 + 65?
1ddb4a
In base 15, what is -4c01 + 739?
-44b7
In base 4, what is 11021 - -1012012230?
1012023311
In base 5, what is -2320 + -441221?
-444041
In base 10, what is -5492 + 72149?
66657
In base 7, what is -355 + 3012?
2324
In base 11, what is -824a52 - 36?
-824a88
In base 6, what is 14 - -11511400?
11511414
In base 12, what is 5 + -2064b70b?
-2064b706
In base 9, what is -1 + 30620121?
30620120
In base 2, what is 1110101010010 - -11110110011101?
101101011101111
In base 6, what is 40010353 + -33?
40010320
In base 9, what is 12 - -2135152?
2135164
In base 13, what is -4 - 2c416a8?
-2c416ac
In base 4, what is 12001023321321 + 0?
12001023321321
In base 5, what is -1021141242 + -344?
-1021142141
In base 12, what is -226 + a8287?
a8061
In base 9, what is 14033463 + 2?
14033465
In base 13, what is 2 + -5856a5?
-5856a3
In base 13, what is 11667c0a - 0?
11667c0a
In base 7, what is 4553634 - 10?
4553624
In base 12, what is a2568 - 2240?
a0328
In base 16, what is acaff + 6b?
acb6a
In base 8, what is 2 - -503613?
503615
In base 6, what is -3531440331 + 3?
-3531440324
In base 4, what is 2 - -2101202032033?
2101202032101
In base 4, what is -22131 + 3100100211?
3100012020
In base 14, what is 6ba6a - -65?
6bad1
In base 2, what is 10011011001001 - -10100101010?
10101111110011
In base 16, what is 5a0ed9 - -3?
5a0edc
In base 8, what is -65320466 - 0?
-65320466
In base 4, what is 2230003002231 - -10?
2230003002301
In base 6, what is -131342 + -202234?
-334020
In base 13, what is -4 + -6013b31?
-6013b35
In base 4, what is 32102333021 + 12?
32102333033
In base 9, what is 14067 - 221?
13746
In base 6, what is 140002445455 + 2?
140002445501
In base 2, what is 100001111 + 11001101001001111?
11001101101011110
In base 3, what is -11120 - -2210212021?
2210200201
In base 9, what is 13 + -167787431?
-167787417
In base 3, what is -10 + -212110121122?
-212110121202
In base 5, what is -2333 - -200142211?
200134323
In base 8, what is -33361 - 21701?
-55262
In base 8, what is -21 + -44130002?
-44130023
In base 10, what is -97 - 48266?
-48363
In base 15, what is -6 + 1116ddcd?
1116ddc7
In base 8, what is 3 + -30341201?
-30341176
In base 7, what is 65453354220 - 0?
65453354220
In base 15, what is 4 + 25a5a47?
25a5a4b
In base 2, what is 1100110 + -1000010010010111?
-1000010000110001
In base 16, what is -34 - 438269?
-43829d
In base 13, what is -2b2b943 + 9?
-2b2b937
In base 4, what is 23110303031 + 1010?
23110310101
In base 16, what is -3 + -6208dc?
-6208df
In base 7, what is -4 + -23522623?
-23522630
In base 12, what is 2ba47 - -666?
304b1
In base 7, what is -3 + -15301256?
-15301262
In base 11, what is 14437 + 1171?
155a8
In base 2, what is -1100110010100101110 + 11000?
-1100110010100010110
In base 16, what is 51fc - 77d?
4a7f
In base 9, what is -470 - 216350?
-216830
In base 10, what is 457 + -3513?
-3056
In base 11, what is -190142 - 331?
-190473
In base 16, what is -7bd7ce6 + -3?
-7bd7ce9
In base 16, what is d08 + -546?
7c2
In base 8, what is -4 - 223427351?
-223427355
In base 8, what is -1122 - -232167?
231045
In base 16, what is 49e63c9 + 0?
49e63c9
In base 5, what is 121031000 - 103?
121030342
In base 3, what is -221000000111 - -12102?
-220222211002
In base 12, what is -494 + 12338?
11a64
In base 13, what is -11 - 10216?
-10227
In base 10, what is 0 + -208521304?
-208521304
In base 7, what is -11 + 11231004?
11230663
In base 3, what is 1 - -2110111112112220?
2110111112112221
In base 8, what is 4515 + 125364?
132101
In base 6, what is -15 + 2125110342?
2125110323
In base 7, what is -12153210320 + 5?
-12153210312
In base 15, what is -21 - -1b029d9?
1b029b8
In base 3, what is 1021121121101100 - -12?
1021121121101112
In base 6, what is 140 + -3110104?
-3105524
In base 4, what is -1212220 - -22332132?
21113312
In base 12, what is -7 - 1484260?
-1484267
In base 9, what is 3 - -6333370?
6333373
In base 5, what is -24434 + -24424?
-104413
In base 15, what is 250 + -575be?
-5736e
In base 12, what is -302 + -77343a?
-773740
In base 10, what is 39067 + 3114?
42181
In base 13, what is -42c87 - 5?
-42c8c
In base 5, what is 2341322424 - 10?
2341322414
In base 12, what is 15a9625 + -1?
15a9624
In base 16, what is -34b3b05f - -5?
-34b3b05a
In base 3, what is 1112021210102 - 1?
1112021210101
In base 10, what is 3101 - -41361?
44462
In base 2, what is -10100110001 - 1001000?
-10101111001
In base 8, what is -721617456 + 4?
-721617452
In base 8, what is 52 + -342356?
-342304
In base 3, what is -12 - -11000112000200?
11000112000111
In base 7, what is -3 - -422304436?
422304433
In base 5, what is 424402 + -1143304?
-213402
In base 16, what is 3 + ac86b7?
ac86ba
In base 16, what is -763 - -f12?
7af
In base 8, what is -1721737126 - 4?
-1721737132
In base 2, what is -111001011 - -101111111011101?
101111000010010
In base 2, what is -100000111 - 1110100111001?
-1111001000000
In base 10, what is -376 + 11470?
11094
In base 12, what is -3a668 + 36b?
-3a2b9
In base 15, what is -3 - 20b99b?
-20b99e
In base 4, what is 11 + 23313303?
23313320
In base 7, what is -26 + -1143545?
-1143604
In base 12, what is 114b6a636 + 5?
114b6a63b
In base 11, what is -27143 + 489?
-26765
In base 8, what is 1713 + 4130?
6043
In base 9, what is 0 + 2076381?
2076381
In base 15, what is -93d4d65 - 3?
-93d4d68
In base 13, what is 8ba5 + -50c?
8696
In base 14, what is 3b51973 + -2?
3b51971
In base 9, what is -1 + -4586322?
-4586323
In base 7, what is -332202536 - 6?
-332202545
In base 6, what is 21252 + 211332?
233024
In base 2, what is -1101001001101001010001 - -11?
-1101001001101001001110
In base 11, what is -80a8390 - 3?
-80a8393
In base 5, what is -131410104 + 3?
-131410101
In base 5, what is 1204 - -24000010?
24001214
In base 5, what is 22202024 - 203?
22201321
In base 4, what is -2 - 232322022111?
-232322022113
In base 15, what is -307 - 9b0a?
-9e12
In base 8, what is 521 + 1174021?
1174542
In base 16, what is -5 + -58d25e5?
-58d25ea
In base 10, what is -112725 - -1124?
-111601
In base 3, what is 211222122 - -20010?
212012202
In base 3, what is 2121 + -11011122012?
-11011112121
In base 15, what is 20a + 2360e?
23819
In base 9, what is 171282424 - 1?
171282423
In base 14, what is 10b7 + -601d?
-4d46
In base 16, what is -2e5c6e9 + 0?
-2e5c6e9
In base 10, what is 2 + 340131?
340133
In base 8, what is 4 - -56121234?
56121240
In base 8, what is 1350 + 24116?
25466
In base 5, what is -10 - -101441402?
101441342
In base 15, what is 1 + 124526?
124527
In base 14, what is -12915 - 183?
-12a98
In base 14, what is 0 + 16381938?
16381938
In base 7, what is 1045430 + 1316?
1050046
In base 12, what is -4119282 + 0?
-4119282
In base 15, what is -4d + 88a50?
88a02
In base 4, what is 1303113 + 103212?
2012331
In base 3, what is 222000 - -10110011112?
10111010112
In base 15, what is 466a7 - -ca0?
47457
In base 7, what is -5 + -10345661?
-10345666
In base 10, what is -4783 - -7062?
2279
In base 10, what is 2197 - 42056?
-39859
In base 10, what is -37582 + 2189?
-35393
In base 10, what is -525625673 - 5?
-525625678
In base 3, what is -1102 - 122121020002001?
-122121020010110
In base 2, what is 11 + 101101111001100111000111?
101101111001100111001010
In base 4, what is 12 + -10123121302?
-10123121230
In base 9, what is -20 + 102866?
102846
In base 5, what is 10112012 + -122334?
4434123
In base 11, what is -4a63 - -47a6?
-268
In base 15, what is 4c - -1a409?
1a456
In base 4, what is -211211020 + 1303?
-211203111
In base 10, what is -168766 - 1?
-168767
In base 6, what is 23 - -11210013?
11210040
In base 13, what is 422aba + 6a?
422b57
In base 2, what is 101001110001 - 11101111110011?
-11000110000010
In base 13, what is -18 - -7ab3b8?
7ab3a0
In base 8, what is -527600252 + 3?
-527600247
In base 5, what is -12 + -1324331323?
-1324331340
In base 15, what is 59670 + 11?
59681
In base 8, what is -4135 + 175132?
170775
In base 6, what is 4245 - 1104054?
-1055405
In base 12, what is 1 + 6a87a24?
6a87a25
In base 12, what is 2 - 572235?
-572233
In base 6, what is 0 + 235304332?
235304332
In base 11, wha